 is divided by 49980?
48
Calculate the remainder when 443674 is divided by 13.
10
Calculate the remainder when 1969 is divided by 30.
19
Calculate the remainder when 1668095 is divided by 151.
149
What is the remainder when 55785 is divided by 334?
7
What is the remainder when 4228 is divided by 114?
10
What is the remainder when 15869 is divided by 19?
4
What is the remainder when 309392 is divided by 46?
42
Calculate the remainder when 36046 is divided by 13.
10
What is the remainder when 48348 is divided by 140?
48
Calculate the remainder when 5914 is divided by 237.
226
Calculate the remainder when 640 is divided by 77.
24
Calculate the remainder when 48720 is divided by 79.
56
What is the remainder when 28695 is divided by 17?
16
Calculate the remainder when 269027 is divided by 190.
177
What is the remainder when 2882878 is divided by 528?
526
What is the remainder when 1565 is divided by 69?
47
Calculate the remainder when 466 is divided by 48.
34
Calculate the remainder when 3858 is divided by 12.
6
What is the remainder when 8920 is divided by 1768?
80
Calculate the remainder when 836 is divided by 119.
3
What is the remainder when 13194 is divided by 6586?
22
What is the remainder when 338551 is divided by 67700?
51
What is the remainder when 7860 is divided by 7848?
12
What is the remainder when 15909 is divided by 762?
669
Calculate the remainder when 34069 is divided by 18.
13
What is the remainder when 20002 is divided by 6664?
10
What is the remainder when 1198 is divided by 85?
8
What is the remainder when 25116 is divided by 737?
58
What is the remainder when 415503 is divided by 848?
831
What is the remainder when 107668 is divided by 185?
183
Calculate the remainder when 1802 is divided by 102.
68
Calculate the remainder when 28678 is divided by 71.
65
What is the remainder when 21568 is divided by 186?
178
What is the remainder when 6093 is divided by 348?
177
What is the remainder when 5671 is divided by 40?
31
Calculate the remainder when 159802 is divided by 642.
586
What is the remainder when 171699 is divided by 103?
101
Calculate the remainder when 6593 is divided by 2177.
62
Calculate the remainder when 772 is divided by 761.
11
What is the remainder when 148365 is divided by 30?
15
What is the remainder when 279150 is divided by 103?
20
Calculate the remainder when 24141 is divided by 439.
435
What is the remainder when 7405 is divided by 2448?
61
What is the remainder when 19778 is divided by 367?
327
Calculate the remainder when 9085 is divided by 1815.
10
What is the remainder when 30151 is divided by 1370?
11
Calculate the remainder when 42506 is divided by 625.
6
What is the remainder when 41649 is divided by 41634?
15
Calculate the remainder when 21872 is divided by 295.
42
What is the remainder when 7734 is divided by 85?
84
Calculate the remainder when 4926 is divided by 1.
0
What is the remainder when 164505 is divided by 83?
82
What is the remainder when 813 is divided by 514?
299
What is the remainder when 1195267 is divided by 1513?
1510
What is the remainder when 658440 is divided by 1240?
0
What is the remainder when 31521 is divided by 208?
113
Calculate the remainder when 3814 is divided by 36.
34
What is the remainder when 380 is divided by 50?
30
Calculate the remainder when 44416 is divided by 47.
1
What is the remainder when 23304 is divided by 449?
405
Calculate the remainder when 499 is divided by 104.
83
Calculate the remainder when 67416 is divided by 67410.
6
Calculate the remainder when 17905 is divided by 103.
86
Calculate the remainder when 35002 is divided by 21.
16
Calculate the remainder when 14205 is divided by 3513.
153
What is the remainder when 53738 is divided by 960?
938
What is the remainder when 267 is divided by 159?
108
What is the remainder when 2405 is divided by 374?
161
What is the remainder when 3204 is divided by 62?
42
What is the remainder when 520531 is divided by 1483?
1481
What is the remainder when 26380 is divided by 12?
4
Calculate the remainder when 23917 is divided by 5963.
65
Calculate the remainder when 34932 is divided by 56.
44
What is the remainder when 40087 is divided by 13355?
22
What is the remainder when 8412 is divided by 366?
360
Calculate the remainder when 3431 is divided by 674.
61
What is the remainder when 151028 is divided by 24?
20
Calculate the remainder when 2301 is divided by 13.
0
What is the remainder when 3423 is divided by 559?
69
Calculate the remainder when 7955 is divided by 222.
185
Calculate the remainder when 205711 is divided by 22.
11
What is the remainder when 25993 is divided by 73?
5
Calculate the remainder when 37970 is divided by 333.
8
Calculate the remainder when 805920 is divided by 171.
168
What is the remainder when 4768 is divided by 585?
88
What is the remainder when 143061 is divided by 9?
6
What is the remainder when 8972 is divided by 163?
7
Calculate the remainder when 2991022 is divided by 149.
145
What is the remainder when 3243 is divided by 1403?
437
Calculate the remainder when 214782 is divided by 107387.
8
What is the remainder when 6679 is divided by 69?
55
What is the remainder when 643 is divided by 22?
5
Calculate the remainder when 84970 is divided by 95.
40
Calculate the remainder when 1230369 is divided by 52.
49
Calculate the remainder when 79610 is divided by 51.
50
What is the remainder when 114223 is divided by 1269?
13
Calculate the remainder when 8785 is divided by 1443.
127
Calculate the remainder when 3961 is divided by 32.
25
What is the remainder when 274987 is divided by 20?
7
Calculate the remainder when 1417413 is divided by 1439.
1437
What is the remainder when 28423 is divided by 1?
0
What is the remainder when 10375 is divided by 398?
27
What is the remainder when 13208 is divided by 281?
1
What is the remainder when 41477 is divided by 26?
7
What is the remainder when 124795 is divided by 24937?
110
Calculate the remainder when 70367 is divided by 17.
4
What is the remainder when 500596 is divided by 226?
6
What is the remainder when 728 is divided by 140?
28
Calculate the remainder when 96175 is divided by 28.
23
What is the remainder when 50833 is divided by 458?
453
Calculate the remainder when 26751 is divided by 1421.
1173
Calculate the remainder when 280559 is divided by 84.
83
What is the remainder when 16982 is divided by 203?
133
What is the remainder when 114002 is divided by 287?
63
What is the remainder when 52232 is divided by 2749?
1
Calculate the remainder when 2432 is divided by 2408.
24
What is the remainder when 33103 is divided by 563?
449
What is the remainder when 3587 is divided by 3586?
1
What is the remainder when 13822 is divided by 294?
4
Calculate the remainder when 1688 is divided by 255.
158
What is the remainder when 712 is divided by 656?
56
Calculate the remainder when 2450 is divided by 15.
5
What is the remainder when 150333 is divided by 64?
61
Calculate the remainder when 194624 is divided by 48655.
4
What is the remainder when 827 is divided by 145?
102
What is the remainder when 59152 is divided by 70?
2
What is the remainder when 130015 is divided by 6?
1
What is the remainder when 4026 is divided by 1756?
514
Calculate the remainder when 169629 is divided by 288.
285
Calculate the remainder when 52227 is divided by 502.
19
What is the remainder when 1356 is divided by 472?
412
Calculate the remainder when 87374 is divided by 6720.
14
Calculate the remainder when 21933 is divided by 21919.
14
Calculate the remainder when 2884757 is divided by 40.
37
Calculate the remainder when 172109 is divided by 34396.
129
What is the remainder when 2281 is divided by 2155?
126
What is the remainder when 85011 is divided by 4?
3
Calculate the remainder when 14208 is divided by 4650.
258
What is the remainder when 24256 is divided by 2422?
36
What is the remainder when 7908 is divided by 83?
23
Calculate the remainder when 119569 is divided by 668.
665
What is the remainder when 12831 is divided by 1602?
15
Calculate the remainder when 112659 is divided by 29.
23
Calculate the remainder when 5458 is divided by 589.
157
What is the remainder when 100780 is divided by 626?
620
What is the remainder when 6660 is divided by 2216?
12
Calculate the remainder